543501
In base 6, what is 3545115 - 2313?
3542402
In base 4, what is -210 - 33120100?
-33120310
In base 13, what is a5 - 1a19?
-1944
In base 4, what is -32222113231 + -20?
-32222113311
In base 7, what is 63 + -1645400?
-1645304
In base 4, what is 103202301322233 - 11?
103202301322222
In base 11, what is -708a + -382?
-7461
In base 12, what is 18 - 1a3b547?
-1a3b52b
In base 6, what is 43 + -5504321?
-5504234
In base 11, what is 0 + -6756a3?
-6756a3
In base 4, what is -300 + -20123122330?
-20123123230
In base 9, what is -1042686 + 30?
-1042656
In base 15, what is 50973e7 + 5?
50973ec
In base 13, what is -25ba + -37338?
-39925
In base 12, what is -81 + -4a980?
-4aa41
In base 6, what is 2012043332 - -33?
2012043405
In base 6, what is -542025005 + -3?
-542025012
In base 13, what is 19c4783 + 0?
19c4783
In base 3, what is 100022200220 + 21?
100022201011
In base 11, what is 69 - 20301?
-20243
In base 7, what is -4 - 335610104?
-335610111
In base 10, what is 289 + -165815?
-165526
In base 5, what is 24310432 - -20144?
24331131
In base 15, what is -87a8 - 7ed?
-90a6
In base 5, what is -24021443 - 414?
-24022412
In base 2, what is -110110111000 + 111100010?
-101111010110
In base 9, what is 5020 + 402523?
407543
In base 15, what is -214ee + 37e8?
-1cc06
In base 8, what is -1767212 - 0?
-1767212
In base 13, what is -1230b759 - 6?
-1230b762
In base 13, what is 9 - a9a780?
-a9a774
In base 15, what is 4d805 + e84?
4e789
In base 12, what is 22345b9 + 1?
22345ba
In base 6, what is -1502135535 - 1?
-1502135540
In base 11, what is 1 - 13220720?
-1322071a
In base 12, what is 745 - -493983?
494508
In base 8, what is -3055 - 5034?
-10111
In base 9, what is -5411286 + 58?
-5411227
In base 16, what is 278c110 + 20?
278c130
In base 10, what is 489340 + 17?
489357
In base 12, what is 6 - 473a595a?
-473a5954
In base 13, what is -3 + 27a90b?
27a908
In base 9, what is -127 + -404480?
-404617
In base 11, what is -12006 + 65?
-11a51
In base 11, what is 4567 + -2118?
244a
In base 10, what is 42 - 480252?
-480210
In base 13, what is -209c9c - 18?
-209cb7
In base 6, what is 2235541353 + 141?
2235541534
In base 14, what is 2c22378 + -3?
2c22375
In base 16, what is 55ea03 - -3a?
55ea3d
In base 16, what is -693b45 - -5?
-693b40
In base 3, what is -20021222102220 - -110?
-20021222102110
In base 14, what is 6a81979 + 1?
6a8197a
In base 8, what is -1 - 317261771?
-317261772
In base 10, what is -1968850 + -13?
-1968863
In base 16, what is -329 - d213?
-d53c
In base 15, what is -98 + -4496?
-453e
In base 8, what is -13 + -133333?
-133346
In base 10, what is -59 - 2377239?
-2377298
In base 13, what is -388a28 - a?
-388a35
In base 13, what is -13 - 19357?
-1936a
In base 7, what is -12 - 54250133?
-54250145
In base 11, what is 23 - -11068a9?
1106921
In base 15, what is 1 - e5ee51?
-e5ee50
In base 8, what is -52 - 10350?
-10422
In base 7, what is 34010 + 2601?
36611
In base 11, what is -141 - 364562?
-3646a3
In base 4, what is -3 - 20200323120?
-20200323123
In base 13, what is 1919cb1c - 1?
1919cb1b
In base 4, what is -13 - -1110231120?
1110231101
In base 6, what is 102040242 - 440?
102035402
In base 2, what is -10101101 + -1110001101111?
-1110100011100
In base 7, what is 1 + -32500266?
-32500265
In base 5, what is 1421130233 + 10?
1421130243
In base 10, what is 1715 + 18005?
19720
In base 15, what is -8c61 - -e65?
-7ceb
In base 12, what is 6b9 - -6990?
7489
In base 4, what is 1122113133200 - 0?
1122113133200
In base 2, what is 100110 - -10101101000000001000101?
10101101000000001101011
In base 15, what is -25697a5 - -b?
-2569799
In base 14, what is -75 + -12942?
-129b7
In base 12, what is 3 + -2b78344?
-2b78341
In base 9, what is -34384130 - 54?
-34384184
In base 16, what is -13 - -637df4?
637de1
In base 10, what is -682913 + 5?
-682908
In base 2, what is 1000011 + -10110101101101000001?
-10110101101011111110
In base 8, what is -2 + 332655526?
332655524
In base 15, what is -4 + 1517be03?
1517bdee
In base 12, what is -2a68 - -1585?
-14a3
In base 4, what is -2020 - 122132303?
-122200323
In base 6, what is -223530 + -2141?
-230111
In base 16, what is -3 - -e00c38c?
e00c389
In base 11, what is -8200 + 95?
-8116
In base 11, what is 10a3070a - 2?
10a30708
In base 5, what is -23203 - 400442?
-424200
In base 11, what is -55a92a + -1?
-55a930
In base 8, what is -10 + 410273602?
410273572
In base 13, what is 11078 + 195?
11240
In base 2, what is 10001011010 - 1100011100011011?
-1100001011000001
In base 5, what is 2413 - -2?
2420
In base 7, what is -21256 + 305635?
254346
In base 2, what is -1011000 + 1010100110000101010011?
1010100110000011111011
In base 7, what is 31532154 + 165?
31532352
In base 11, what is -15aa + 41244?
3a745
In base 16, what is 304 + -1ebc?
-1bb8
In base 7, what is 53 + 3140506?
3140562
In base 12, what is a7610 + 2b?
a763b
In base 3, what is -1002020 - 2201000210?
-2202010000
In base 4, what is -3 + 11103212122331?
11103212122322
In base 12, what is 48 + 118522?
11856a
In base 4, what is -1000 - 122231222?
-122232222
In base 2, what is -1011110111100111 - -111101000?
-1011101111111111
In base 9, what is 73 - 457731?
-457647
In base 11, what is -32 + a75995?
a75963
In base 9, what is -18174 + 12816?
-5257
In base 3, what is 102 - 201222212?
-201222110
In base 10, what is 541322 - 399?
540923
In base 2, what is 100101101110100011 + -10100001100?
100101011010010111
In base 7, what is 3461 - 161343?
-154552
In base 5, what is 1212143423 - 2?
1212143421
In base 7, what is 142136 - -3343?
145512
In base 16, what is 3eeacd5 + 1?
3eeacd6
In base 5, what is 20 + -1012023232?
-1012023212
In base 9, what is 3547076 - 60?
3547016
In base 10, what is -2155195 - -5?
-2155190
In base 6, what is -23032213101 - 3?
-23032213104
In base 3, what is 101 + -11020011012020?
-11020011011212
In base 3, what is -11 - 10111221222220?
-10111222000001
In base 7, what is 3445653155 - 0?
3445653155
In base 5, what is 0 - 111211202220?
-111211202220
In base 11, what is -53212 - -49?
-53174
In base 8, what is 62675324 - -4?
62675330
In base 10, what is -9 - -3401140?
3401131
In base 11, what is 315 - 2117?
-1902
In base 7, what is -21 - 3466551?
-3466602
In base 8, what is 2333 - -3112762?
3115315
In base 16, what is -1c - 284c0?
-284dc
In base 14, what is -9624 - a29?
-a24d
In base 3, what is -101110100102012 + -11?
-101110100102100
In base 14, what is -27a - -5b30?
5894
In base 9, what is -18 - 4178167?
-4178186
In base 6, what is -1440 + 1221253?
1215413
In base 2, what is -101011000010011 + 100001000100?
-100110111001111
In base 16, what is -283f2d + -72?
-283f9f
In base 7, what is -3546 + 11100?
4221
In base 5, what is 4414412122114 + 4?
4414412122123
In base 15, what is 9 - 219672a?
-2196721
In base 6, what is 1100143423 + 1?
1100143424
In base 2, what is -101 - 10101011110011011100011101100?
-10101011110011011100011110001
In base 12, what is -7 + -7598a10?
-7598a17
In base 2, what is 11101000010011001001 - 110100100?
11101000001100100101
In base 16, what is -f - -9ae4b?
9ae3c
In base 6, what is -5442454514 - -1?
-5442454513
In base 3, what is 2 - 12011101110122212?
-12011101110122210
In base 11, what is 340 + a2a0?
a630
In base 8, what is -12 + 12533420?
12533406
In base 16, what is 1d3f3 + e2?
1d4d5
In base 7, what is -53 + 26460?
26404
In base 4, what is 30202 + 10213302?
10310110
In base 3, what is -10002100 - 11010122120?
-11020201220
In base 9, what is -1770582 + -86?
-1770678
In base 9, what is 20543 + 234?
20777
In base 10, what is 3737 + 5539?
9276
In base 16, what is -417 - 1d42?
-2159
In base 13, what is 28a8c + 5325?
310b4
In base 16, what is 1f8 - -18cd?
1ac5
In base 9, what is -2808704 - -870?
-2807724
In base 12, what is 4 + 1791198?
17911a0
In base 15, what is 1aba1 + -32b?
1a875
In base 13, what is -1 + -3545647?
-3545648
In base 11, what is 1 + 35218a?
352190
In base 11, what is 1502a422 + 2?
1502a424
In base 9, what is 148 - -27237?
27386
In base 4, what is 31220 - 31123321?
-31032101
In base 3, what is 200202201 - -20122221?
221102122
In base 3, what is 2222100 - 112022022?
-102022222
In base 11, what is -5 - -1778779?
1778774
In base 7, what is 3051 + 1550222?
1553303
In base 2, what is 11000 + 110100001101001011010?
110100001101001110010
In base 11, what is 33 - 463913?
-4638